at is the remainder when 54 is divided by t(3)?
6
Let x = 0 - -4. Suppose -x*f + 7 = -9. Calculate the remainder when 11 is divided by f.
3
Let w = -2 + 14. Calculate the remainder when ((-55)/20)/(2/(-16)) is divided by w.
10
Let m = -40 - -69. Let q(r) = -4*r + 3. What is the remainder when m is divided by q(-3)?
14
Suppose n = 3*n. Suppose n = d - 5, i + d - 9 = 18. What is the remainder when i is divided by 6?
4
Suppose 0 = -2*s - 4*a + 5*a + 30, 2*s - 40 = -4*a. What is the remainder when 78 is divided by s?
14
Let x = 36 - 9. What is the remainder when (-105)/(-2) + (-2)/4 is divided by x?
25
Suppose 140 = -3*r - 2*r - 5*u, -4*r + 5*u = 103. Let x = r - -59. Calculate the remainder when 61 is divided by x.
29
Suppose 2*t - 6*n = -n + 9, -t = -n - 9. What is the remainder when 57 is divided by t?
9
Suppose 4*m = -4*k - 28, -4*m + 4 = -5*k + k. What is the remainder when 25 is divided by (-58)/(-4) - m/(-6)?
11
Suppose -m + 104 = -4*g, -4*m + g + 356 = -0*g. Calculate the remainder when m is divided by 23.
19
Suppose 3*f = g + 2, -f + 4*f = 5*g - 14. Suppose c - 2 = 0, -6*c - 23 = -l - g*c. What is the remainder when l is divided by 14?
13
Let c(d) = -24*d - 64. Suppose -5*m + 57 = 4*r, -2*m + 11 = -3*r - 21. Calculate the remainder when m is divided by c(-3).
5
Let b = 10 + 4. Suppose 3612 = 3*o + o. What is the remainder when ((-2)/(-3))/(b/o) is divided by 11?
10
Let t = 25 - 13. Let x = t - -1. What is the remainder when x is divided by (-3 + (-22)/(-4))*(-14)/(-7)?
3
What is the remainder when 4 is divided by 3 - (-2 + (0 - -3))?
0
Suppose 4*n - 5*h + 9 = 0, -h = 4*n - 3*h - 6. What is the remainder when 9 is divided by n?
1
Let c(f) = -f + 4. Calculate the remainder when 53 is divided by c(-10).
11
Suppose 0 = -6*s + s + 20. Calculate the remainder when s is divided by 3.
1
What is the remainder when (148/3)/2 - 1/(-3) is divided by 7?
4
Let h = -5 - -10. Suppose -h*i + 7*f - 3*f + 273 = 0, 2*i = -4*f + 98. Calculate the remainder when i is divided by 14.
11
Let o = 17 - 4. Let w = 15 - 16. Calculate the remainder when ((-250)/(-20))/(w/(-2)) is divided by o.
12
Suppose 198 = 3*c + w, -c - 2*c = 5*w - 198. Suppose 0 = u - 2*y - y - 8, 0 = -4*u - y + 97. Calculate the remainder when c is divided by u.
20
Suppose 3*x + 2*q = q + 33, -3*x = -4*q - 48. Let c = -124 + 79. Let h = c + 80. Calculate the remainder when h is divided by x.
11
Let o = 31 + -26. Calculate the remainder when 11 is divided by o.
1
Let o = 19 + -9. Let i = -30 - -59. What is the remainder when i is divided by o?
9
Let g = 49 + -2. Let i = g - 30. Calculate the remainder when 64 is divided by i.
13
Let m(i) = i**3 + 18*i**2 + 21. What is the remainder when 76 is divided by m(-18)?
13
What is the remainder when 62 is divided by (-3 - 84/(-3)) + -1*3?
18
Suppose -3*r + 93 = -6*r. Let h = r - -18. Let x = -1 - h. Calculate the remainder when 23 is divided by x.
11
Let g be 1/(-1 - 0)*-4. Suppose -2*j = -j - g. What is the remainder when j is divided by (-14)/(-4) - 4/8?
1
Suppose 0 = 3*j - j + 2*i - 8, 4*i + 9 = j. Let t = 53 - 90. Let g = -23 - t. Calculate the remainder when g is divided by j.
4
Let d(q) = -2*q - 3. Let j = -33 + 57. Calculate the remainder when j is divided by d(-8).
11
Suppose -4*a - i = -76 - 93, -i - 89 = -2*a. Let f = -14 - -25. What is the remainder when a is divided by f?
10
Suppose 2*m - 14 = 10. Let d(q) = q**2 - 10*q - 14. Calculate the remainder when 29 is divided by d(m).
9
Let h(r) = -r - 4. Let x be h(3). Let w be 1/((-15)/x - 2). Let t(m) = -m**3 + 8*m**2 - 3*m - 7. Calculate the remainder when 61 is divided by t(w).
19
Suppose 2*z - 7*z - 3*s = -191, -s - 3 = 0. Calculate the remainder when z is divided by 14.
12
Let h be 2/3 - 10/(-3). What is the remainder when 32 is divided by ((-22)/(-4))/(2/h)?
10
Let r(p) = 5 - 5*p - 4*p - p**2 + p. Let a = 10 + -4. Calculate the remainder when r(-6) is divided by a.
5
Suppose 0 = 4*r - k - 113, 0 = 4*k + 14 + 6. Calculate the remainder when 53 is divided by r.
26
Let n(w) = -w**2 - w + 1. Let j(m) = -10*m**2 + 3*m - 1. Let g = 9 - 10. Let a(c) = g*j(c) - 2*n(c). Calculate the remainder when a(2) is divided by 16.
13
Let g = 51 + -35. What is the remainder when g is divided by 9?
7
Let o(x) = x**2 - 2*x + 6. Suppose 2*t = -2*r + 8 - 0, 20 = 3*r + t. Calculate the remainder when o(6) is divided by r.
6
Let p(i) = -2*i**3 - 3*i**2 - 2*i - 5. What is the remainder when p(-3) is divided by 13?
2
Suppose 2*r + 4*h = -1 - 15, 0 = -4*r - h + 3. Let o = 5 - -1. Calculate the remainder when (r/(-3))/(8/(-204)) is divided by o.
5
Suppose 0*b = -b + 8. Let m be 2/9 + 25/9. Suppose 6*t - m*t = -4*z + 89, -t = z - 28. Calculate the remainder when t is divided by b.
7
Let s be (-11)/55 - 22/(-10). What is the remainder when s + 40 + (3 - 6) is divided by 8?
7
What is the remainder when (2 - 4)*2 + 13 is divided by 2?
1
Let s = -11 - -52. What is the remainder when s is divided by 12?
5
Suppose -y - 145 = -3*s, 3*y + 43 = -5*s + 308. Let i(a) = a + 10. What is the remainder when s is divided by i(7)?
16
Let k be (-1)/(((-4)/10)/2). Let y(b) be the first derivative of b**3/3 + 3*b**2/2 - 7*b + 6. What is the remainder when y(k) is divided by 12?
9
Suppose -h - h - 4*q - 256 = 0, -5*h - 682 = -4*q. Suppose -2*d - 13 - 3 = 0. Calculate the remainder when h/d + 1/4 is divided by 9.
8
Let v(f) = -f - 4. Let o = -30 + 16. Let n = 44 + -26. Calculate the remainder when n is divided by v(o).
8
Let v = -5 - -6. Suppose 3*o - v = 2*w - 0, 3*w - 21 = -3*o. Suppose -g - o = -23. What is the remainder when g is divided by 11?
9
Let w = 0 + -2. Let n be (3 + -3)*1/(-2). Calculate the remainder when 19 is divided by 9 + w + n + 3.
9
Let w = 9 - 11. What is the remainder when (1 - (-9)/w)*-4 is divided by 8?
6
Let w = -5 - 2. Let f be 3*(-1)/((-6)/22). Let d = f - w. Calculate the remainder when 52 is divided by d.
16
Let p = 35 + -24. Calculate the remainder when p is divided by 4.
3
Let l(b) = b - 6. Suppose 23 = g - 5*h, -4*g + 4*h + 20 = -3*g. Calculate the remainder when 4 is divided by l(g).
0
Let p be (-16)/(-2)*(-5)/(-10). Suppose -2*v + 4 = -p*v. Calculate the remainder when (v - 0)/(-4 + 2) is divided by 1.
0
Let m(k) = -k**3 - k**2 - 4*k - 3. Calculate the remainder when 51 is divided by m(-3).
24
Let p(h) = -h**3 - h**2 - 2*h + 12. What is the remainder when 58 is divided by p(0)?
10
Let y(x) = 3*x**2 - 7*x - 2. Suppose 8 = a + 3. Calculate the remainder when y(a) is divided by 13.
12
Let b(l) be the third derivative of l**5/60 - l**4/12 - 5*l**3/6 + 16*l**2. Suppose 3*f - 20 = -8. What is the remainder when 3 is divided by b(f)?
0
Let t(q) = q**2 + 14*q + 8. Suppose -5*i = -521 + 71. Calculate the remainder when i is divided by t(-15).
21
Suppose -2*k + k - 6 = 0. Let n = 10 + k. Calculate the remainder when 19 is divided by (-44)/2*(-2)/n.
8
Let m = 53 - 28. What is the remainder when 72 is divided by m?
22
Suppose 0 = -3*n + 8*n - 90. Calculate the remainder when 53 is divided by n.
17
Let f be 1*(0 + -1) + 32. Suppose 3*c = -7 + f. Let h = 13 - c. Calculate the remainder when h is divided by 2.
1
Calculate the remainder when ((-25)/2)/(-5)*20 is divided by ((-13)/(-4))/((-1)/(-4)).
11
Let x be (4/6)/(2/21). Let s = x - 4. Calculate the remainder when 3*(-2 - (-48)/9) is divided by s.
1
What is the remainder when 7/(-2)*(0 - 10) is divided by 10?
5
Let s = 41 - -4. What is the remainder when s is divided by 25?
20
Suppose 3*j + r = 4, -4*j + 4*r + 1 = r. Let c be (12/16)/((-2)/(-8)). Suppose l + 2*d = c*d + 3, 5*d = -2*l - j. What is the remainder when l is divided by 2?
0
Let v = 326 + -167. What is the remainder when v is divided by 40?
39
Let x(w) = 5*w**2 + 10*w - 9. Let s(r) = -r**2. Let i(v) = 6*s(v) + x(v). Calculate the remainder when 22 is divided by i(7).
10
Suppose -320 = -5*g + 2*b, g = -4*b + 29 + 57. Let t = 97 + -17. Suppose -4*q - 12 = -t. What is the remainder when g is divided by q?
15
Let s(p) = -p**3 - 7*p**2 - 3*p - 9. Let z = -11 - -4. What is the remainder when s(z) is divided by 7?
5
Calculate the remainder when -3 + 41 + -1 + 1 is divided by 10.
8
Suppose 2*h = 0, -c - 5*h = 3*c - 140. Calculate the remainder when (-10)/c - 242/(-14) is divided by (0 + 1)*(-1 + 10).
8
Let x(g) = g*